{"id":6769,"date":"2024-09-23T15:42:35","date_gmt":"2024-09-23T13:42:35","guid":{"rendered":"https:\/\/fanjyda.com\/?post_type=tribe_events&#038;p=6769"},"modified":"2024-09-23T15:43:46","modified_gmt":"2024-09-23T13:43:46","slug":"concentracion-autonomica-infantil-y-cadete-sector-oriental","status":"publish","type":"tribe_events","link":"https:\/\/www.fanjyda.es\/?tribe_events=concentracion-autonomica-infantil-y-cadete-sector-oriental","title":{"rendered":"CONCENTRACI\u00d3N AUTON\u00d3MICA INFANTIL Y CADETE &#8211; SECTOR ORIENTAL"},"content":{"rendered":"<p><!-- Contenedor principal --><\/p>\n<div style=\"width: 90%; max-width: 1200px; margin: 0 auto; padding: 20px; background-color: #fff; box-shadow: 0 2px 10px rgba(0, 0, 0, 0.1);\">\n<header style=\"text-align: center; margin-bottom: 40px;\">\n<h1 style=\"font-family: 'Playfair Display', serif; font-size: 2.5em; color: #2c3e50; margin: 0;\">CONCENTRACI\u00d3N AUTON\u00d3MICA INFANTIL Y CADETE<\/h1>\n<h2 style=\"font-family: 'Playfair Display', serif; font-size: 1.8em; color: #27ae60; margin-top: 10px;\">SECTOR ORIENTAL<\/h2>\n<\/header>\n<section style=\"margin-bottom: 40px;\">\n<p style=\"margin-bottom: 10px;\"><strong>FECHA:<\/strong> S\u00e1bado d\u00eda 02 de Noviembre de 2024.<\/p>\n<p style=\"margin-bottom: 10px;\"><strong>LUGAR:<\/strong> Polideportivo Municipal de Mollina, Alcalde Gerardo Fern\u00e1ndez Delgado, MA-5407, 29, 29532 Mollina, (M\u00e1laga)<\/p>\n<p style=\"margin-bottom: 10px;\"><strong>CATEGOR\u00cdAS:<\/strong> Infantil y Cadete.<\/p>\n<p style=\"margin-bottom: 10px;\"><strong>HORARIO:<\/strong> 17:00 \u2013 19:00<\/p>\n<p style=\"margin-bottom: 10px;\"><strong>CINTUR\u00d3N M\u00cdNIMO:<\/strong> Naranja &#8211; Azul<\/p>\n<p style=\"margin-bottom: 10px;\"><strong>CONFIRMACI\u00d3N:<\/strong> Con <a style=\"color: #27ae60; text-decoration: none;\" href=\"https:\/\/forms.gle\/kCL1Gko8GUq5x3NZ7\" target=\"_blank\" rel=\"noopener\">&gt;&gt; Formulario WEB &lt;&lt;<\/a> hasta el mi\u00e9rcoles d\u00eda 30 de Octubre.<\/p>\n<\/section>\n<\/div>\n","protected":false},"excerpt":{"rendered":"<p>CONCENTRACI\u00d3N AUTON\u00d3MICA INFANTIL Y CADETE SECTOR ORIENTAL FECHA: S\u00e1bado d\u00eda 02 de Noviembre de 2024. LUGAR: Polideportivo Municipal de Mollina, Alcalde Gerardo Fern\u00e1ndez Delgado, MA-5407, 29, 29532 Mollina, (M\u00e1laga) CATEGOR\u00cdAS: [&hellip;]<\/p>\n","protected":false},"author":1,"featured_media":2566,"template":"","meta":{"_eb_attr":"","_tribe_events_status":"","_tribe_events_status_reason":"","footnotes":""},"tags":[],"tribe_events_cat":[12],"class_list":["post-6769","tribe_events","type-tribe_events","status-publish","has-post-thumbnail","hentry","tribe_events_cat-judo","cat_judo"],"_links":{"self":[{"href":"https:\/\/www.fanjyda.es\/index.php?rest_route=\/wp\/v2\/tribe_events\/6769","targetHints":{"allow":["GET"]}}],"collection":[{"href":"https:\/\/www.fanjyda.es\/index.php?rest_route=\/wp\/v2\/tribe_events"}],"about":[{"href":"https:\/\/www.fanjyda.es\/index.php?rest_route=\/wp\/v2\/types\/tribe_events"}],"author":[{"embeddable":true,"href":"https:\/\/www.fanjyda.es\/index.php?rest_route=\/wp\/v2\/users\/1"}],"version-history":[{"count":3,"href":"https:\/\/www.fanjyda.es\/index.php?rest_route=\/wp\/v2\/tribe_events\/6769\/revisions"}],"predecessor-version":[{"id":6772,"href":"https:\/\/www.fanjyda.es\/index.php?rest_route=\/wp\/v2\/tribe_events\/6769\/revisions\/6772"}],"wp:featuredmedia":[{"embeddable":true,"href":"https:\/\/www.fanjyda.es\/index.php?rest_route=\/wp\/v2\/media\/2566"}],"wp:attachment":[{"href":"https:\/\/www.fanjyda.es\/index.php?rest_route=%2Fwp%2Fv2%2Fmedia&parent=6769"}],"wp:term":[{"taxonomy":"post_tag","embeddable":true,"href":"https:\/\/www.fanjyda.es\/index.php?rest_route=%2Fwp%2Fv2%2Ftags&post=6769"},{"taxonomy":"tribe_events_cat","embeddable":true,"href":"https:\/\/www.fanjyda.es\/index.php?rest_route=%2Fwp%2Fv2%2Ftribe_events_cat&post=6769"}],"curies":[{"name":"wp","href":"https:\/\/api.w.org\/{rel}","templated":true}]}}

CONCENTRACIÓN AUTONÓMICA INFANTIL Y CADETE &#8211; SECTOR ORIENTAL

<p><!-- Contenedor principal --></p>
<div style="width: 90%; max-width: 1200px; margin: 0 auto; padding: 20px; background-color: #fff; box-shadow: 0 2px 10px rgba(0, 0, 0, 0.1);">
<header style="text-align: center; margin-bottom: 40px;">
<h1 style="font-family: 'Playfair Display', serif; font-size: 2.5em; color: #2c3e50; margin: 0;">CONCENTRACIÓN AUTONÓMICA INFANTIL Y CADETE</h1>
<h2 style="font-family: 'Playfair Display', serif; font-size: 1.8em; color: #27ae60; margin-top: 10px;">SECTOR ORIENTAL</h2>
</header>
<section style="margin-bottom: 40px;">
<p style="margin-bottom: 10px;"><strong>FECHA:</strong> Sábado día 02 de Noviembre de 2024.</p>
<p style="margin-bottom: 10px;"><strong>LUGAR:</strong> Polideportivo Municipal de Mollina, Alcalde Gerardo Fernández Delgado, MA-5407, 29, 29532 Mollina, (Málaga)</p>
<p style="margin-bottom: 10px;"><strong>CATEGORÍAS:</strong> Infantil y Cadete.</p>
<p style="margin-bottom: 10px;"><strong>HORARIO:</strong> 17:00 – 19:00</p>
<p style="margin-bottom: 10px;"><strong>CINTURÓN MÍNIMO:</strong> Naranja &#8211; Azul</p>
<p style="margin-bottom: 10px;"><strong>CONFIRMACIÓN:</strong> Con <a style="color: #27ae60; text-decoration: none;" href="https://forms.gle/kCL1Gko8GUq5x3NZ7" target="_blank" rel="noopener">&gt;&gt; Formulario WEB &lt;&lt;</a> hasta el miércoles día 30 de Octubre.</p>
</section>
</div>

<p>CONCENTRACIÓN AUTONÓMICA INFANTIL Y CADETE SECTOR ORIENTAL FECHA: Sábado día 02 de Noviembre de 2024. LUGAR: Polideportivo Municipal de Mollina, Alcalde Gerardo Fernández Delgado, MA-5407, 29, 29532 Mollina, (Málaga) CATEGORÍAS: [&hellip;]</p>
