{"id":6808,"date":"2024-10-10T22:15:26","date_gmt":"2024-10-10T20:15:26","guid":{"rendered":"https:\/\/fanjyda.com\/?post_type=tribe_events&#038;p=6808"},"modified":"2024-10-16T14:20:04","modified_gmt":"2024-10-16T12:20:04","slug":"concentracion-federativa-de-katas-malaga","status":"publish","type":"tribe_events","link":"https:\/\/www.fanjyda.es\/?tribe_events=concentracion-federativa-de-katas-malaga","title":{"rendered":"CONCENTRACI\u00d3N FEDERATIVA DE KATAS &#8211; MALAGA"},"content":{"rendered":"<p><!-- Contenedor principal --><\/p>\n<div style=\"width: 90%; max-width: 1200px; margin: 0 auto; padding: 20px; background-color: #fff; box-shadow: 0 2px 10px rgba(0, 0, 0, 0.1);\">\n<header style=\"text-align: center; margin-bottom: 40px;\">\n<h1 style=\"font-family: 'Playfair Display', serif; font-size: 2.5em; color: #2c3e50; margin: 0px;\">CONCENTRACI\u00d3N FEDERATIVA DE KATAS<br \/>\n26 de octubre de 2024, M\u00e1laga<\/h1>\n<\/header>\n<section style=\"margin-bottom: 40px;\">\n<h2 style=\"font-family: 'Playfair Display', serif; font-size: 1.8em; color: #27ae60;\">1. ORGANIZA<\/h2>\n<p style=\"margin-bottom: 10px;\"><strong>Federaci\u00f3n Andaluza de Judo<\/strong><br \/>\nC\/ Dorotea 4, Bajo Derecha. 11009 C\u00e1diz (Espa\u00f1a)<br \/>\nTel.: +34 956 079 891; +34 652 807 271 \u00a0||\u00a0 Fax: +34 956 079 892<br \/>\nE-mail: <a style=\"color: #2c3e50; text-decoration: none;\" href=\"mailto:administracion@fanjyda.com\">administracion@fanjyda.com<\/a><\/p>\n<h2 style=\"font-family: 'Playfair Display', serif; font-size: 1.8em; color: #27ae60;\">2. COLABORADORA<\/h2>\n<p style=\"margin-bottom: 10px;\">Consejer\u00eda de Educaci\u00f3n Cultura y Deporte de Junta de Andaluc\u00eda.<br \/>\nClub deportivo Nagare.<\/p>\n<h2 style=\"font-family: 'Playfair Display', serif; font-size: 1.8em; color: #27ae60;\">3. DIRECCI\u00d3N T\u00c9CNICA<\/h2>\n<p style=\"margin-bottom: 10px;\">D\u00f1a. Encarnaci\u00f3n Cabrerizo Lorence.<br \/>\nD. Antonio de la Llave Soria.<\/p>\n<h2 style=\"font-family: 'Playfair Display', serif; font-size: 1.8em; color: #27ae60;\">4. FECHA<\/h2>\n<p style=\"margin-bottom: 10px;\">26 de octubre de 2024<\/p>\n<h2 style=\"font-family: 'Playfair Display', serif; font-size: 1.8em; color: #27ae60;\">5. LUGAR<\/h2>\n<p style=\"margin-bottom: 10px;\">Club deportivo Nagare, camino de San Rafael n\u00ba 91 (M\u00e1laga)<\/p>\n<h2 style=\"font-family: 'Playfair Display', serif; font-size: 1.8em; color: #27ae60;\">6. ENTRENAMIENTO DE LAS KATAS<\/h2>\n<ul style=\"margin-bottom: 10px; padding-left: 20px;\">\n<li>Nage no kata.<\/li>\n<li>Katame no kata.<\/li>\n<li>Kime no kata.<\/li>\n<li>Ju No kata.<\/li>\n<\/ul>\n<h2 style=\"font-family: 'Playfair Display', serif; font-size: 1.8em; color: #27ae60;\">7. JUDOGUI<\/h2>\n<p style=\"margin-bottom: 10px; text-align: justify;\">Judogui de color BLANCO tanto para TORI como para UKE, con las medidas reglamentarias y sin dorsales. Las mujeres deber\u00e1n llevar camiseta de color BLANCO, ambas prendas como las exigidas en la competici\u00f3n oficial de judo.<\/p>\n<h2 style=\"font-family: 'Playfair Display', serif; font-size: 1.8em; color: #27ae60;\">8. HORARIOS<\/h2>\n<p style=\"margin-bottom: 10px;\">Entrenamiento de 10:00 a 14:00 horas.<\/p>\n<h2 style=\"font-family: 'Playfair Display', serif; font-size: 1.8em; color: #27ae60;\">9. INSCRIPCIONES<\/h2>\n<p style=\"margin-bottom: 10px; text-align: justify;\">Dirigido a los deportistas que participar\u00e1n en la Copa de Espa\u00f1a X Trofeo Ib\u00e9rico de katas que se celebrar\u00e1 el 23 de noviembre en el pabell\u00f3n multiuso de C\u00e1ceres (Extremadura).<\/p>\n<p style=\"margin-bottom: 10px; text-align: justify;\">Las inscripciones se realizar\u00e1n directamente ONLINE (Antes del viernes 18 de octubre de 2024): <a style=\"color: #2c3e50; text-decoration: none;\" href=\"https:\/\/forms.gle\/gERSe8YrXFhNu1BCA\" target=\"_blank\" rel=\"noopener\"><strong>FORMULARIO DE INSCRIPCI\u00d3N<\/strong><\/a>.<\/p>\n<p style=\"margin-bottom: 10px;\">Todos los participantes estar\u00e1n en la p\u00e1gina web de la FANJYDA el viernes 25 de octubre.<\/p>\n<h2 style=\"font-family: 'Playfair Display', serif; font-size: 1.8em; color: #27ae60;\">10. DOCUMENTACI\u00d3N<\/h2>\n<ul style=\"margin-bottom: 10px; padding-left: 20px;\">\n<li>Carnet de grados.<\/li>\n<li>Los inscritos deben estar en posesi\u00f3n de Licencia Deportiva en Vigor 2024\/2025.<\/li>\n<li>Autorizaci\u00f3n Paterna para los menores de edad.<\/li>\n<\/ul>\n<hr \/>\n<p>ADJUNTOS<br \/>\n<a href=\"https:\/\/www.fanjyda.es\/wp-content\/uploads\/2024\/10\/AUTORIZACION-CONCENTRACION-Y-ENTRENAMIENTO-FEDERATIVO-DE-KATAS-26-OCT-2024-MOLLINA-MALAGA.rtf\" target=\"_blank\" rel=\"noopener\">AUTORIZACION CONCENTRACI\u00d3N Y ENTRENAMIENTO FEDERATIVO DE KATAS 26 OCT 2024 MOLLINA ( M\u00c1LAGA)<\/a><\/p>\n<\/section>\n<\/div>\n","protected":false},"excerpt":{"rendered":"<p>CONCENTRACI\u00d3N FEDERATIVA DE KATAS 26 de octubre de 2024, M\u00e1laga 1. ORGANIZA Federaci\u00f3n Andaluza de Judo C\/ Dorotea 4, Bajo Derecha. 11009 C\u00e1diz (Espa\u00f1a) Tel.: +34 956 079 891; +34 [&hellip;]<\/p>\n","protected":false},"author":1,"featured_media":4666,"template":"","meta":{"_eb_attr":"","_tribe_events_status":"","_tribe_events_status_reason":"","footnotes":""},"tags":[],"tribe_events_cat":[23,12],"class_list":["post-6808","tribe_events","type-tribe_events","status-publish","has-post-thumbnail","hentry","tribe_events_cat-efan","tribe_events_cat-judo","cat_efan","cat_judo"],"_links":{"self":[{"href":"https:\/\/www.fanjyda.es\/index.php?rest_route=\/wp\/v2\/tribe_events\/6808","targetHints":{"allow":["GET"]}}],"collection":[{"href":"https:\/\/www.fanjyda.es\/index.php?rest_route=\/wp\/v2\/tribe_events"}],"about":[{"href":"https:\/\/www.fanjyda.es\/index.php?rest_route=\/wp\/v2\/types\/tribe_events"}],"author":[{"embeddable":true,"href":"https:\/\/www.fanjyda.es\/index.php?rest_route=\/wp\/v2\/users\/1"}],"version-history":[{"count":4,"href":"https:\/\/www.fanjyda.es\/index.php?rest_route=\/wp\/v2\/tribe_events\/6808\/revisions"}],"predecessor-version":[{"id":6824,"href":"https:\/\/www.fanjyda.es\/index.php?rest_route=\/wp\/v2\/tribe_events\/6808\/revisions\/6824"}],"wp:featuredmedia":[{"embeddable":true,"href":"https:\/\/www.fanjyda.es\/index.php?rest_route=\/wp\/v2\/media\/4666"}],"wp:attachment":[{"href":"https:\/\/www.fanjyda.es\/index.php?rest_route=%2Fwp%2Fv2%2Fmedia&parent=6808"}],"wp:term":[{"taxonomy":"post_tag","embeddable":true,"href":"https:\/\/www.fanjyda.es\/index.php?rest_route=%2Fwp%2Fv2%2Ftags&post=6808"},{"taxonomy":"tribe_events_cat","embeddable":true,"href":"https:\/\/www.fanjyda.es\/index.php?rest_route=%2Fwp%2Fv2%2Ftribe_events_cat&post=6808"}],"curies":[{"name":"wp","href":"https:\/\/api.w.org\/{rel}","templated":true}]}}

CONCENTRACIÓN FEDERATIVA DE KATAS &#8211; MALAGA

<p><!-- Contenedor principal --></p>
<div style="width: 90%; max-width: 1200px; margin: 0 auto; padding: 20px; background-color: #fff; box-shadow: 0 2px 10px rgba(0, 0, 0, 0.1);">
<header style="text-align: center; margin-bottom: 40px;">
<h1 style="font-family: 'Playfair Display', serif; font-size: 2.5em; color: #2c3e50; margin: 0px;">CONCENTRACIÓN FEDERATIVA DE KATAS<br />
26 de octubre de 2024, Málaga</h1>
</header>
<section style="margin-bottom: 40px;">
<h2 style="font-family: 'Playfair Display', serif; font-size: 1.8em; color: #27ae60;">1. ORGANIZA</h2>
<p style="margin-bottom: 10px;"><strong>Federación Andaluza de Judo</strong><br />
C/ Dorotea 4, Bajo Derecha. 11009 Cádiz (España)<br />
Tel.: +34 956 079 891; +34 652 807 271  ||  Fax: +34 956 079 892<br />
E-mail: <a style="color: #2c3e50; text-decoration: none;" href="mailto:administracion@fanjyda.com">administracion@fanjyda.com</a></p>
<h2 style="font-family: 'Playfair Display', serif; font-size: 1.8em; color: #27ae60;">2. COLABORADORA</h2>
<p style="margin-bottom: 10px;">Consejería de Educación Cultura y Deporte de Junta de Andalucía.<br />
Club deportivo Nagare.</p>
<h2 style="font-family: 'Playfair Display', serif; font-size: 1.8em; color: #27ae60;">3. DIRECCIÓN TÉCNICA</h2>
<p style="margin-bottom: 10px;">Dña. Encarnación Cabrerizo Lorence.<br />
D. Antonio de la Llave Soria.</p>
<h2 style="font-family: 'Playfair Display', serif; font-size: 1.8em; color: #27ae60;">4. FECHA</h2>
<p style="margin-bottom: 10px;">26 de octubre de 2024</p>
<h2 style="font-family: 'Playfair Display', serif; font-size: 1.8em; color: #27ae60;">5. LUGAR</h2>
<p style="margin-bottom: 10px;">Club deportivo Nagare, camino de San Rafael nº 91 (Málaga)</p>
<h2 style="font-family: 'Playfair Display', serif; font-size: 1.8em; color: #27ae60;">6. ENTRENAMIENTO DE LAS KATAS</h2>
<ul style="margin-bottom: 10px; padding-left: 20px;">
<li>Nage no kata.</li>
<li>Katame no kata.</li>
<li>Kime no kata.</li>
<li>Ju No kata.</li>
</ul>
<h2 style="font-family: 'Playfair Display', serif; font-size: 1.8em; color: #27ae60;">7. JUDOGUI</h2>
<p style="margin-bottom: 10px; text-align: justify;">Judogui de color BLANCO tanto para TORI como para UKE, con las medidas reglamentarias y sin dorsales. Las mujeres deberán llevar camiseta de color BLANCO, ambas prendas como las exigidas en la competición oficial de judo.</p>
<h2 style="font-family: 'Playfair Display', serif; font-size: 1.8em; color: #27ae60;">8. HORARIOS</h2>
<p style="margin-bottom: 10px;">Entrenamiento de 10:00 a 14:00 horas.</p>
<h2 style="font-family: 'Playfair Display', serif; font-size: 1.8em; color: #27ae60;">9. INSCRIPCIONES</h2>
<p style="margin-bottom: 10px; text-align: justify;">Dirigido a los deportistas que participarán en la Copa de España X Trofeo Ibérico de katas que se celebrará el 23 de noviembre en el pabellón multiuso de Cáceres (Extremadura).</p>
<p style="margin-bottom: 10px; text-align: justify;">Las inscripciones se realizarán directamente ONLINE (Antes del viernes 18 de octubre de 2024): <a style="color: #2c3e50; text-decoration: none;" href="https://forms.gle/gERSe8YrXFhNu1BCA" target="_blank" rel="noopener"><strong>FORMULARIO DE INSCRIPCIÓN</strong></a>.</p>
<p style="margin-bottom: 10px;">Todos los participantes estarán en la página web de la FANJYDA el viernes 25 de octubre.</p>
<h2 style="font-family: 'Playfair Display', serif; font-size: 1.8em; color: #27ae60;">10. DOCUMENTACIÓN</h2>
<ul style="margin-bottom: 10px; padding-left: 20px;">
<li>Carnet de grados.</li>
<li>Los inscritos deben estar en posesión de Licencia Deportiva en Vigor 2024/2025.</li>
<li>Autorización Paterna para los menores de edad.</li>
</ul>
<hr />
<p>ADJUNTOS<br />
<a href="https://www.fanjyda.es/wp-content/uploads/2024/10/AUTORIZACION-CONCENTRACION-Y-ENTRENAMIENTO-FEDERATIVO-DE-KATAS-26-OCT-2024-MOLLINA-MALAGA.rtf" target="_blank" rel="noopener">AUTORIZACION CONCENTRACIÓN Y ENTRENAMIENTO FEDERATIVO DE KATAS 26 OCT 2024 MOLLINA ( MÁLAGA)</a></p>
</section>
</div>

<p>CONCENTRACIÓN FEDERATIVA DE KATAS 26 de octubre de 2024, Málaga 1. ORGANIZA Federación Andaluza de Judo C/ Dorotea 4, Bajo Derecha. 11009 Cádiz (España) Tel.: +34 956 079 891; +34 [&hellip;]</p>
