{"id":6836,"date":"2024-10-21T22:49:13","date_gmt":"2024-10-21T20:49:13","guid":{"rendered":"https:\/\/fanjyda.com\/?post_type=tribe_events&#038;p=6836"},"modified":"2024-10-21T22:49:13","modified_gmt":"2024-10-21T20:49:13","slug":"concentracion-autonomica-por-sectores-categorias-junior-senior","status":"publish","type":"tribe_events","link":"https:\/\/www.fanjyda.es\/?tribe_events=concentracion-autonomica-por-sectores-categorias-junior-senior","title":{"rendered":"CONCENTRACI\u00d3N AUTON\u00d3MICA POR SECTORES &#8211; CATEGOR\u00cdAS JUNIOR-SENIOR"},"content":{"rendered":"<p><!-- Contenedor principal --><\/p>\n<div style=\"width: 90%; max-width: 1200px; margin: 0 auto; padding: 20px; background-color: #fff; box-shadow: 0 2px 10px rgba(0, 0, 0, 0.1);\">\n<header style=\"text-align: center; margin-bottom: 40px;\">\n<h1 style=\"font-family: 'Playfair Display', serif; font-size: 2.5em; color: #2c3e50; margin: 0;\">CONCENTRACI\u00d3N AUTON\u00d3MICA POR SECTORES<\/h1>\n<h2 style=\"font-family: 'Playfair Display', serif; font-size: 2em; color: #27ae60; margin-top: 10px;\">CATEGOR\u00cdAS JUNIOR-SENIOR<\/h2>\n<\/header>\n<section style=\"margin-bottom: 40px;\">\n<p style=\"margin-bottom: 10px;\"><strong>FECHA:<\/strong> Domingo d\u00eda 10 de Noviembre de 2024.<\/p>\n<p style=\"margin-bottom: 10px;\"><strong>HORARIO:<\/strong> De 11:00 a 13:00<\/p>\n<p style=\"margin-bottom: 10px;\"><strong>INSCRIPCI\u00d3N:<\/strong> Hasta el mi\u00e9rcoles d\u00eda 06 de Noviembre.\u00a0<a href=\"https:\/\/forms.gle\/TZ7nZFwwuNN7mwYo9\" target=\"_blank\" rel=\"noopener\">&gt;&gt; FORMULARIO DE INSCRIPCI\u00d3N &lt;&lt;<\/a><\/p>\n<p style=\"margin-bottom: 10px;\"><strong>CINTUR\u00d3N M\u00cdNIMO:<\/strong> Marr\u00f3n.<\/p>\n<h2 style=\"font-family: 'Playfair Display', serif; font-size: 1.8em; color: #27ae60; margin-top: 20px;\">SECTOR ORIENTAL<\/h2>\n<p style=\"margin-bottom: 10px;\"><strong>LUGAR:<\/strong> Polideportivo Ciudad Jard\u00edn.<br \/>\n(Plaza de John F. Kennedy, Ciudad Jard\u00edn. 29014 M\u00e1laga)<\/p>\n<h2 style=\"font-family: 'Playfair Display', serif; font-size: 1.8em; color: #27ae60; margin-top: 20px;\">SECTOR OCCIDENTAL<\/h2>\n<p style=\"margin-bottom: 10px;\"><strong>LUGAR:<\/strong> Polideportivo Municipal de Nueva Sevilla.<br \/>\n(Avenida de los Derechos Humanos s\/n. 41950 Castilleja de la Cuesta. Sevilla)<\/p>\n<\/section>\n<\/div>\n","protected":false},"excerpt":{"rendered":"<p>CONCENTRACI\u00d3N AUTON\u00d3MICA POR SECTORES CATEGOR\u00cdAS JUNIOR-SENIOR FECHA: Domingo d\u00eda 10 de Noviembre de 2024. HORARIO: De 11:00 a 13:00 INSCRIPCI\u00d3N: Hasta el mi\u00e9rcoles d\u00eda 06 de Noviembre.\u00a0&gt;&gt; FORMULARIO DE INSCRIPCI\u00d3N [&hellip;]<\/p>\n","protected":false},"author":1,"featured_media":4548,"template":"","meta":{"_eb_attr":"","_tribe_events_status":"","_tribe_events_status_reason":"","footnotes":""},"tags":[],"tribe_events_cat":[12],"class_list":["post-6836","tribe_events","type-tribe_events","status-publish","has-post-thumbnail","hentry","tribe_events_cat-judo","cat_judo"],"_links":{"self":[{"href":"https:\/\/www.fanjyda.es\/index.php?rest_route=\/wp\/v2\/tribe_events\/6836","targetHints":{"allow":["GET"]}}],"collection":[{"href":"https:\/\/www.fanjyda.es\/index.php?rest_route=\/wp\/v2\/tribe_events"}],"about":[{"href":"https:\/\/www.fanjyda.es\/index.php?rest_route=\/wp\/v2\/types\/tribe_events"}],"author":[{"embeddable":true,"href":"https:\/\/www.fanjyda.es\/index.php?rest_route=\/wp\/v2\/users\/1"}],"version-history":[{"count":2,"href":"https:\/\/www.fanjyda.es\/index.php?rest_route=\/wp\/v2\/tribe_events\/6836\/revisions"}],"predecessor-version":[{"id":6838,"href":"https:\/\/www.fanjyda.es\/index.php?rest_route=\/wp\/v2\/tribe_events\/6836\/revisions\/6838"}],"wp:featuredmedia":[{"embeddable":true,"href":"https:\/\/www.fanjyda.es\/index.php?rest_route=\/wp\/v2\/media\/4548"}],"wp:attachment":[{"href":"https:\/\/www.fanjyda.es\/index.php?rest_route=%2Fwp%2Fv2%2Fmedia&parent=6836"}],"wp:term":[{"taxonomy":"post_tag","embeddable":true,"href":"https:\/\/www.fanjyda.es\/index.php?rest_route=%2Fwp%2Fv2%2Ftags&post=6836"},{"taxonomy":"tribe_events_cat","embeddable":true,"href":"https:\/\/www.fanjyda.es\/index.php?rest_route=%2Fwp%2Fv2%2Ftribe_events_cat&post=6836"}],"curies":[{"name":"wp","href":"https:\/\/api.w.org\/{rel}","templated":true}]}}

CONCENTRACIÓN AUTONÓMICA POR SECTORES &#8211; CATEGORÍAS JUNIOR-SENIOR

<p><!-- Contenedor principal --></p>
<div style="width: 90%; max-width: 1200px; margin: 0 auto; padding: 20px; background-color: #fff; box-shadow: 0 2px 10px rgba(0, 0, 0, 0.1);">
<header style="text-align: center; margin-bottom: 40px;">
<h1 style="font-family: 'Playfair Display', serif; font-size: 2.5em; color: #2c3e50; margin: 0;">CONCENTRACIÓN AUTONÓMICA POR SECTORES</h1>
<h2 style="font-family: 'Playfair Display', serif; font-size: 2em; color: #27ae60; margin-top: 10px;">CATEGORÍAS JUNIOR-SENIOR</h2>
</header>
<section style="margin-bottom: 40px;">
<p style="margin-bottom: 10px;"><strong>FECHA:</strong> Domingo día 10 de Noviembre de 2024.</p>
<p style="margin-bottom: 10px;"><strong>HORARIO:</strong> De 11:00 a 13:00</p>
<p style="margin-bottom: 10px;"><strong>INSCRIPCIÓN:</strong> Hasta el miércoles día 06 de Noviembre. <a href="https://forms.gle/TZ7nZFwwuNN7mwYo9" target="_blank" rel="noopener">&gt;&gt; FORMULARIO DE INSCRIPCIÓN &lt;&lt;</a></p>
<p style="margin-bottom: 10px;"><strong>CINTURÓN MÍNIMO:</strong> Marrón.</p>
<h2 style="font-family: 'Playfair Display', serif; font-size: 1.8em; color: #27ae60; margin-top: 20px;">SECTOR ORIENTAL</h2>
<p style="margin-bottom: 10px;"><strong>LUGAR:</strong> Polideportivo Ciudad Jardín.<br />
(Plaza de John F. Kennedy, Ciudad Jardín. 29014 Málaga)</p>
<h2 style="font-family: 'Playfair Display', serif; font-size: 1.8em; color: #27ae60; margin-top: 20px;">SECTOR OCCIDENTAL</h2>
<p style="margin-bottom: 10px;"><strong>LUGAR:</strong> Polideportivo Municipal de Nueva Sevilla.<br />
(Avenida de los Derechos Humanos s/n. 41950 Castilleja de la Cuesta. Sevilla)</p>
</section>
</div>

<p>CONCENTRACIÓN AUTONÓMICA POR SECTORES CATEGORÍAS JUNIOR-SENIOR FECHA: Domingo día 10 de Noviembre de 2024. HORARIO: De 11:00 a 13:00 INSCRIPCIÓN: Hasta el miércoles día 06 de Noviembre. &gt;&gt; FORMULARIO DE INSCRIPCIÓN [&hellip;]</p>
