{"id":6864,"date":"2024-10-28T20:42:10","date_gmt":"2024-10-28T19:42:10","guid":{"rendered":"https:\/\/fanjyda.com\/?post_type=tribe_events&#038;p=6864"},"modified":"2024-12-17T11:21:24","modified_gmt":"2024-12-17T10:21:24","slug":"curso-oficial-de-organizacion-7-y-8-de-diciembre-de-2024-mollina","status":"publish","type":"tribe_events","link":"https:\/\/www.fanjyda.es\/?tribe_events=curso-oficial-de-organizacion-7-y-8-de-diciembre-de-2024-mollina","title":{"rendered":"CURSO OFICIAL DE ORGANIZACI\u00d3N 7 y 8 de diciembre de 2024, Mollina"},"content":{"rendered":"<p><!-- Contenedor principal --><\/p>\n<div style=\"width: 90%; max-width: 1200px; margin: 0 auto; padding: 20px; background-color: #fff; box-shadow: 0 2px 10px rgba(0, 0, 0, 0.1);\">\n<p><!-- Encabezado --><\/p>\n<header style=\"text-align: center; margin-bottom: 40px;\">\n<h1 style=\"font-family: 'Playfair Display', serif; font-size: 2.5em; color: #2c3e50; margin: 0;\">CURSO OFICIAL DE ORGANIZACI\u00d3N<\/h1>\n<h2 style=\"font-family: 'Playfair Display', serif; font-size: 1.8em; color: #27ae60; margin-top: 10px;\">7 y 8 de diciembre de 2024, Mollina (M\u00e1laga)<\/h2>\n<\/header>\n<p><!-- Secciones de informaci\u00f3n --><\/p>\n<section style=\"margin-bottom: 40px;\"><!-- Organizaci\u00f3n --><\/p>\n<h3 style=\"font-family: 'Playfair Display', serif; font-size: 1.7em; color: #27ae60; margin-top: 20px;\">1. ORGANIZA<\/h3>\n<p style=\"margin-bottom: 10px;\">Federaci\u00f3n Andaluza de Judo<br \/>\nAvda. Ana de Viya n\u00ba 9. 11009 C\u00e1diz (Espa\u00f1a)<br \/>\nTel.: +34 956 079 891; +34 652 807 271<br \/>\nE-mail: <a style=\"color: #27ae60; text-decoration: none;\" href=\"mailto:administracion@fanjyda.com\">administracion@fanjyda.com<\/a><\/p>\n<p><!-- Colaboradores --><\/p>\n<h3 style=\"font-family: 'Playfair Display', serif; font-size: 1.7em; color: #27ae60; margin-top: 20px;\">2. COLABORADORES<\/h3>\n<p style=\"margin-bottom: 10px;\">Consejer\u00eda de Turismo Cultura y Deporte de Junta de Andaluc\u00eda.<br \/>\nExcmo. Ayuntamiento de Mollina.<\/p>\n<p><!-- Direcci\u00f3n T\u00e9cnica --><\/p>\n<h3 style=\"font-family: 'Playfair Display', serif; font-size: 1.7em; color: #27ae60; margin-top: 20px;\">3. DIRECCI\u00d3N T\u00c9CNICA<\/h3>\n<p style=\"margin-bottom: 10px;\">Miguel Padial Cantos (Director del Colegio Andaluz de \u00e1rbitros)<br \/>\nMois\u00e9s Mayi Ortiz (\u00c1rbitro Continental)<\/p>\n<p><!-- Fecha y Horario --><\/p>\n<h3 style=\"font-family: 'Playfair Display', serif; font-size: 1.7em; color: #27ae60; margin-top: 20px;\">4. FECHA Y HORARIO<\/h3>\n<p style=\"margin-bottom: 10px;\">Te\u00f3rico se realizar\u00e1 online, el d\u00eda 4 de diciembre de 2024 de 18:00 a 19:30 horas.<br \/>\nPr\u00e1ctica, d\u00eda 7 y 8 de diciembre de 2024, en el ranking Andaluz infantil y cadete.<\/p>\n<p><!-- Lugar --><\/p>\n<h3 style=\"font-family: 'Playfair Display', serif; font-size: 1.7em; color: #27ae60; margin-top: 20px;\">5. LUGAR<\/h3>\n<p style=\"margin-bottom: 10px;\">Por determinar.<\/p>\n<p><!-- Documentaci\u00f3n --><\/p>\n<h3 style=\"font-family: 'Playfair Display', serif; font-size: 1.7em; color: #27ae60; margin-top: 20px;\">6. DOCUMENTACI\u00d3N<\/h3>\n<ul style=\"margin-bottom: 20px; padding-left: 20px;\">\n<li>OFICIAL ORGANIZACI\u00d3N DEPORTIVA<\/li>\n<li>Licencia FANJYDA en vigor<\/li>\n<li>Edad m\u00ednima, a partir de 12 a\u00f1os<\/li>\n<li>DNI (fotocopia)<\/li>\n<li>1 fotograf\u00eda actual<\/li>\n<\/ul>\n<p><!-- Aportaci\u00f3n Econ\u00f3mica --><\/p>\n<h3 style=\"font-family: 'Playfair Display', serif; font-size: 1.7em; color: #27ae60; margin-top: 20px;\">APORTACI\u00d3N ECON\u00d3MICA<\/h3>\n<p style=\"margin-bottom: 10px;\">Oficial organizaci\u00f3n Deportiva: 38,00 \u20ac.<br \/>\nAbonando en la cuenta de la Fanjyda, CAIXABANK: ES90 2100 8726 8413 00169267 y especific\u00e1ndolo en el concepto CURSO Y EX\u00c1MEN DE OFICIAL DE ORGANIZACI\u00d3N MOLLINA 2024. (Oficial de Organizaci\u00f3n)<\/p>\n<p><!-- Indumentaria --><\/p>\n<h3 style=\"font-family: 'Playfair Display', serif; font-size: 1.7em; color: #27ae60; margin-top: 20px;\">7. INDUMENTARIA<\/h3>\n<p style=\"margin-bottom: 10px;\">Ropa de arbitraje para la parte pr\u00e1ctica.<\/p>\n<p><!-- Inscripciones --><\/p>\n<h3 style=\"font-family: 'Playfair Display', serif; font-size: 1.7em; color: #27ae60; margin-top: 20px;\">8. INSCRIPCIONES<\/h3>\n<p style=\"margin-bottom: 10px;\">Las inscripciones se realizar\u00e1n directamente a la FANJYDA por <strong>&gt;&gt; <a style=\"color: #27ae60; text-decoration: none;\" href=\"https:\/\/forms.gle\/2JQv3ncbrcGjzAG36\" target=\"_blank\" rel=\"noopener\">FORMULARIO DE INSCRIPCI\u00d3N<\/a> &lt;&lt;&lt;<\/strong>.<\/p>\n<p style=\"margin-bottom: 10px;\">El plazo de inscripciones finaliza el martes 18 de noviembre de 2024. Al realizar la inscripci\u00f3n, el candidato debe de enviar su correo electr\u00f3nico.<\/p>\n<p style=\"margin-bottom: 20px; color: #e74c3c; font-weight: bold;\">*** PARA REALIZAR EL CURSO DEBE DE HABER AL MENOS 10 INSCRITOS.<\/p>\n<p><!-- Documentaci\u00f3n Requerida --><\/p>\n<h3 style=\"font-family: 'Playfair Display', serif; font-size: 1.7em; color: #27ae60; margin-top: 20px;\">9. DOCUMENTACI\u00d3N<\/h3>\n<ul style=\"margin-bottom: 20px; padding-left: 20px;\">\n<li>Carnet de grado m\u00ednimo azul o carnet de grados<\/li>\n<li>Los inscritos deben estar en posesi\u00f3n de Licencia Deportiva en Vigor 2024\/2025<\/li>\n<li>D.N.I. o pasaporte<\/li>\n<li>Autorizaci\u00f3n Paterna para los menores de edad<\/li>\n<\/ul>\n<p><!-- Listados --><\/p>\n<h3 style=\"font-family: 'Playfair Display', serif; font-size: 1.7em; color: #27ae60; margin-top: 20px;\">10. LISTADOS<\/h3>\n<p style=\"margin-bottom: 10px;\">Los listados definitivos se publicar\u00e1n en la p\u00e1gina web (<a style=\"color: #27ae60; text-decoration: none;\" href=\"http:\/\/www.fanjyda.com\" target=\"_blank\" rel=\"noopener\">www.fanjyda.com<\/a>) el lunes de 25 de noviembre.<\/p>\n<\/section>\n<\/div>\n","protected":false},"excerpt":{"rendered":"<p>CURSO OFICIAL DE ORGANIZACI\u00d3N 7 y 8 de diciembre de 2024, Mollina (M\u00e1laga) 1. ORGANIZA Federaci\u00f3n Andaluza de Judo Avda. Ana de Viya n\u00ba 9. 11009 C\u00e1diz (Espa\u00f1a) Tel.: +34 [&hellip;]<\/p>\n","protected":false},"author":1,"featured_media":5852,"template":"","meta":{"_eb_attr":"","_tribe_events_status":"","_tribe_events_status_reason":"","footnotes":""},"tags":[],"tribe_events_cat":[23,12],"class_list":["post-6864","tribe_events","type-tribe_events","status-publish","has-post-thumbnail","hentry","tribe_events_cat-efan","tribe_events_cat-judo","cat_efan","cat_judo"],"_links":{"self":[{"href":"https:\/\/www.fanjyda.es\/index.php?rest_route=\/wp\/v2\/tribe_events\/6864","targetHints":{"allow":["GET"]}}],"collection":[{"href":"https:\/\/www.fanjyda.es\/index.php?rest_route=\/wp\/v2\/tribe_events"}],"about":[{"href":"https:\/\/www.fanjyda.es\/index.php?rest_route=\/wp\/v2\/types\/tribe_events"}],"author":[{"embeddable":true,"href":"https:\/\/www.fanjyda.es\/index.php?rest_route=\/wp\/v2\/users\/1"}],"version-history":[{"count":3,"href":"https:\/\/www.fanjyda.es\/index.php?rest_route=\/wp\/v2\/tribe_events\/6864\/revisions"}],"predecessor-version":[{"id":7148,"href":"https:\/\/www.fanjyda.es\/index.php?rest_route=\/wp\/v2\/tribe_events\/6864\/revisions\/7148"}],"wp:featuredmedia":[{"embeddable":true,"href":"https:\/\/www.fanjyda.es\/index.php?rest_route=\/wp\/v2\/media\/5852"}],"wp:attachment":[{"href":"https:\/\/www.fanjyda.es\/index.php?rest_route=%2Fwp%2Fv2%2Fmedia&parent=6864"}],"wp:term":[{"taxonomy":"post_tag","embeddable":true,"href":"https:\/\/www.fanjyda.es\/index.php?rest_route=%2Fwp%2Fv2%2Ftags&post=6864"},{"taxonomy":"tribe_events_cat","embeddable":true,"href":"https:\/\/www.fanjyda.es\/index.php?rest_route=%2Fwp%2Fv2%2Ftribe_events_cat&post=6864"}],"curies":[{"name":"wp","href":"https:\/\/api.w.org\/{rel}","templated":true}]}}

CURSO OFICIAL DE ORGANIZACIÓN 7 y 8 de diciembre de 2024, Mollina

<p><!-- Contenedor principal --></p>
<div style="width: 90%; max-width: 1200px; margin: 0 auto; padding: 20px; background-color: #fff; box-shadow: 0 2px 10px rgba(0, 0, 0, 0.1);">
<p><!-- Encabezado --></p>
<header style="text-align: center; margin-bottom: 40px;">
<h1 style="font-family: 'Playfair Display', serif; font-size: 2.5em; color: #2c3e50; margin: 0;">CURSO OFICIAL DE ORGANIZACIÓN</h1>
<h2 style="font-family: 'Playfair Display', serif; font-size: 1.8em; color: #27ae60; margin-top: 10px;">7 y 8 de diciembre de 2024, Mollina (Málaga)</h2>
</header>
<p><!-- Secciones de información --></p>
<section style="margin-bottom: 40px;"><!-- Organización --></p>
<h3 style="font-family: 'Playfair Display', serif; font-size: 1.7em; color: #27ae60; margin-top: 20px;">1. ORGANIZA</h3>
<p style="margin-bottom: 10px;">Federación Andaluza de Judo<br />
Avda. Ana de Viya nº 9. 11009 Cádiz (España)<br />
Tel.: +34 956 079 891; +34 652 807 271<br />
E-mail: <a style="color: #27ae60; text-decoration: none;" href="mailto:administracion@fanjyda.com">administracion@fanjyda.com</a></p>
<p><!-- Colaboradores --></p>
<h3 style="font-family: 'Playfair Display', serif; font-size: 1.7em; color: #27ae60; margin-top: 20px;">2. COLABORADORES</h3>
<p style="margin-bottom: 10px;">Consejería de Turismo Cultura y Deporte de Junta de Andalucía.<br />
Excmo. Ayuntamiento de Mollina.</p>
<p><!-- Dirección Técnica --></p>
<h3 style="font-family: 'Playfair Display', serif; font-size: 1.7em; color: #27ae60; margin-top: 20px;">3. DIRECCIÓN TÉCNICA</h3>
<p style="margin-bottom: 10px;">Miguel Padial Cantos (Director del Colegio Andaluz de árbitros)<br />
Moisés Mayi Ortiz (Árbitro Continental)</p>
<p><!-- Fecha y Horario --></p>
<h3 style="font-family: 'Playfair Display', serif; font-size: 1.7em; color: #27ae60; margin-top: 20px;">4. FECHA Y HORARIO</h3>
<p style="margin-bottom: 10px;">Teórico se realizará online, el día 4 de diciembre de 2024 de 18:00 a 19:30 horas.<br />
Práctica, día 7 y 8 de diciembre de 2024, en el ranking Andaluz infantil y cadete.</p>
<p><!-- Lugar --></p>
<h3 style="font-family: 'Playfair Display', serif; font-size: 1.7em; color: #27ae60; margin-top: 20px;">5. LUGAR</h3>
<p style="margin-bottom: 10px;">Por determinar.</p>
<p><!-- Documentación --></p>
<h3 style="font-family: 'Playfair Display', serif; font-size: 1.7em; color: #27ae60; margin-top: 20px;">6. DOCUMENTACIÓN</h3>
<ul style="margin-bottom: 20px; padding-left: 20px;">
<li>OFICIAL ORGANIZACIÓN DEPORTIVA</li>
<li>Licencia FANJYDA en vigor</li>
<li>Edad mínima, a partir de 12 años</li>
<li>DNI (fotocopia)</li>
<li>1 fotografía actual</li>
</ul>
<p><!-- Aportación Económica --></p>
<h3 style="font-family: 'Playfair Display', serif; font-size: 1.7em; color: #27ae60; margin-top: 20px;">APORTACIÓN ECONÓMICA</h3>
<p style="margin-bottom: 10px;">Oficial organización Deportiva: 38,00 €.<br />
Abonando en la cuenta de la Fanjyda, CAIXABANK: ES90 2100 8726 8413 00169267 y especificándolo en el concepto CURSO Y EXÁMEN DE OFICIAL DE ORGANIZACIÓN MOLLINA 2024. (Oficial de Organización)</p>
<p><!-- Indumentaria --></p>
<h3 style="font-family: 'Playfair Display', serif; font-size: 1.7em; color: #27ae60; margin-top: 20px;">7. INDUMENTARIA</h3>
<p style="margin-bottom: 10px;">Ropa de arbitraje para la parte práctica.</p>
<p><!-- Inscripciones --></p>
<h3 style="font-family: 'Playfair Display', serif; font-size: 1.7em; color: #27ae60; margin-top: 20px;">8. INSCRIPCIONES</h3>
<p style="margin-bottom: 10px;">Las inscripciones se realizarán directamente a la FANJYDA por <strong>&gt;&gt; <a style="color: #27ae60; text-decoration: none;" href="https://forms.gle/2JQv3ncbrcGjzAG36" target="_blank" rel="noopener">FORMULARIO DE INSCRIPCIÓN</a> &lt;&lt;&lt;</strong>.</p>
<p style="margin-bottom: 10px;">El plazo de inscripciones finaliza el martes 18 de noviembre de 2024. Al realizar la inscripción, el candidato debe de enviar su correo electrónico.</p>
<p style="margin-bottom: 20px; color: #e74c3c; font-weight: bold;">*** PARA REALIZAR EL CURSO DEBE DE HABER AL MENOS 10 INSCRITOS.</p>
<p><!-- Documentación Requerida --></p>
<h3 style="font-family: 'Playfair Display', serif; font-size: 1.7em; color: #27ae60; margin-top: 20px;">9. DOCUMENTACIÓN</h3>
<ul style="margin-bottom: 20px; padding-left: 20px;">
<li>Carnet de grado mínimo azul o carnet de grados</li>
<li>Los inscritos deben estar en posesión de Licencia Deportiva en Vigor 2024/2025</li>
<li>D.N.I. o pasaporte</li>
<li>Autorización Paterna para los menores de edad</li>
</ul>
<p><!-- Listados --></p>
<h3 style="font-family: 'Playfair Display', serif; font-size: 1.7em; color: #27ae60; margin-top: 20px;">10. LISTADOS</h3>
<p style="margin-bottom: 10px;">Los listados definitivos se publicarán en la página web (<a style="color: #27ae60; text-decoration: none;" href="http://www.fanjyda.com" target="_blank" rel="noopener">www.fanjyda.com</a>) el lunes de 25 de noviembre.</p>
</section>
</div>

<p>CURSO OFICIAL DE ORGANIZACIÓN 7 y 8 de diciembre de 2024, Mollina (Málaga) 1. ORGANIZA Federación Andaluza de Judo Avda. Ana de Viya nº 9. 11009 Cádiz (España) Tel.: +34 [&hellip;]</p>
