{"id":7702,"date":"2025-08-11T13:01:16","date_gmt":"2025-08-11T11:01:16","guid":{"rendered":"https:\/\/fanjyda.com\/?post_type=tribe_events&#038;p=7702"},"modified":"2025-08-11T13:24:41","modified_gmt":"2025-08-11T11:24:41","slug":"concentracion-equipos-andaluces-infantiles-cadetes-junior-y-senior-el-bosque","status":"publish","type":"tribe_events","link":"https:\/\/www.fanjyda.es\/?tribe_events=concentracion-equipos-andaluces-infantiles-cadetes-junior-y-senior-el-bosque","title":{"rendered":"CONCENTRACI\u00d3N EQUIPOS ANDALUCES INFANTILES, CADETES, JUNIOR Y SENIOR &#8211; EL BOSQUE"},"content":{"rendered":"<div style=\"width: 90%; max-width: 1200px; margin: 0 auto; padding: 20px; background-color: #fff; box-shadow: 0 2px 10px rgba(0, 0, 0, 0.1); font-family: Arial, sans-serif;\">\n<h3 style=\"font-family: 'Playfair Display', serif; font-size: 1.7em; color: #27ae60; margin-top: 20px;\">1. ORGANIZA<\/h3>\n<p style=\"font-size: 1.1em;\">Federaci\u00f3n Andaluza de Judo<br \/>\nC\/ Ra\u00fal Calvo 4, Bajo Derecha. 11009 C\u00e1diz (Espa\u00f1a)<br \/>\nTel.: +34 956 079 891; +34 652 807 271 || Fax: +34 956 079 892<br \/>\nE-mail: <a style=\"color: #27ae60; text-decoration: none;\" href=\"mailto:administracion@fanjyda.com\">administracion@fanjyda.com<\/a><\/p>\n<h3 style=\"font-family: 'Playfair Display', serif; font-size: 1.7em; color: #27ae60; margin-top: 20px;\">2. COLABORADORES<\/h3>\n<p style=\"font-size: 1.1em;\">Excmo. Ayuntamiento de El Bosque.<br \/>\nConsejer\u00eda de Educaci\u00f3n Cultura y Deporte de Junta de Andaluc\u00eda.<\/p>\n<h3 style=\"font-family: 'Playfair Display', serif; font-size: 1.7em; color: #27ae60; margin-top: 20px;\">3. DIRECCI\u00d3N T\u00c9CNICA<\/h3>\n<p style=\"font-size: 1.1em;\">Delegado Provincial: Manuel Padilla Tard\u00edo.<br \/>\nComit\u00e9 de entrenadores.<\/p>\n<h3 style=\"font-family: 'Playfair Display', serif; font-size: 1.7em; color: #27ae60; margin-top: 20px;\">4. FECHAS<\/h3>\n<p style=\"font-size: 1.1em;\">12 al 14 de septiembre de 2025.<\/p>\n<h3 style=\"font-family: 'Playfair Display', serif; font-size: 1.7em; color: #27ae60; margin-top: 20px;\">5. LUGAR DE LA CONCENTRACI\u00d3N<\/h3>\n<p style=\"font-size: 1.1em;\">Pabell\u00f3n Municipal de el Bosque Manuel Padilla Tard\u00edo (C\u00e1diz).<br \/>\nCamping la Torrecilla, Ctra. Antigua El Bosque-Ubrique, km1, 11670 El Bosque, C\u00e1diz.<\/p>\n<h3 style=\"font-family: 'Playfair Display', serif; font-size: 1.7em; color: #27ae60; margin-top: 20px;\">6. PRECIO<\/h3>\n<p style=\"font-size: 1.1em;\">Cena del viernes 12, pensi\u00f3n completa del s\u00e1bado 13 y desayuno del domingo 14 de septiembre (80\u20ac) a las 100 primeras inscripciones.<\/p>\n<p style=\"font-size: 1.1em;\">Los seniors solo tienen el entrenamiento del s\u00e1bado sin pernocta ni comida.<\/p>\n<h3 style=\"font-family: 'Playfair Display', serif; font-size: 1.7em; color: #27ae60; margin-top: 20px;\">7. JUDOGI<\/h3>\n<p style=\"font-size: 1.1em;\">Judogi blanco o azul.<\/p>\n<h3 style=\"font-family: 'Playfair Display', serif; font-size: 1.7em; color: #27ae60; margin-top: 20px;\">8. HORARIOS<\/h3>\n<p style=\"font-size: 1.1em;\"><strong>Viernes 12 de septiembre.<\/strong><\/p>\n<ul style=\"font-size: 1.1em; padding-left: 20px;\">\n<li>Recepci\u00f3n de los infantiles, cadetes y junior de 17.00 a 17.30 horas en el camping la Torrecilla.<\/li>\n<li>Entrenamientos infantiles, cadetes y junior de 18.00 a 20.00 horas.<\/li>\n<li>Cena 21.30 horas.<\/li>\n<li>Reuni\u00f3n t\u00e9cnica a las 22.00 horas.<\/li>\n<\/ul>\n<p style=\"font-size: 1.1em;\"><strong>S\u00e1bado 13 de septiembre.<\/strong><\/p>\n<ul style=\"font-size: 1.1em; padding-left: 20px;\">\n<li>Desayuno 08.30 horas.<\/li>\n<li>Entrenamiento infantiles y cadetes de 10,00 a 12,00 horas y de 15.30 a 17.30 horas.<\/li>\n<li>Entrenamiento junior y senior de 12,00 a 14,00 horas y de 17.00 a 19.00 horas.<\/li>\n<li>Comida infantiles y cadetes de 13.30 horas, los juniors a las 14.30 horas.<\/li>\n<li>Cena 21.30 horas.<\/li>\n<li>Reuni\u00f3n t\u00e9cnica a las 22.00 horas.<\/li>\n<\/ul>\n<p style=\"font-size: 1.1em;\"><strong>Domingo 14 de septiembre.<\/strong><\/p>\n<ul style=\"font-size: 1.1em; padding-left: 20px;\">\n<li>Entrenamientos infantiles, cadetes y junior de 10,00 a 12,00 horas.<\/li>\n<li>Dispersi\u00f3n en el pabell\u00f3n a las 12.30 horas.<\/li>\n<\/ul>\n<h3 style=\"font-family: 'Playfair Display', serif; font-size: 1.7em; color: #27ae60; margin-top: 20px;\">9. INSCRIPCIONES<\/h3>\n<p style=\"font-size: 1.1em;\">Las inscripciones se realizar\u00e1n directamente en el\u00a0<a href=\"https:\/\/forms.gle\/PV78gut5KnRxgBKE7\" target=\"_blank\" rel=\"noopener\">&gt;&gt; FORMULARIO DE INSCRIPCI\u00d3N &lt;&lt;<\/a>\u00a0 y\u00a0 posteriormente se deber\u00e1 remitir un email a <a style=\"color: #27ae60; text-decoration: none;\" href=\"mailto:administracion@fanjyda.com\">administracion@fanjyda.com <\/a>\u00a0adjuntando el resguardo del ingreso.<\/p>\n<p style=\"font-size: 1.1em;\"><strong>CAIXABANK: ES90 2100 8726 8413 0016 9267<\/strong><\/p>\n<p style=\"font-size: 1.1em;\">80\u20ac Antes del jueves 4 de septiembre a las 12.00 horas.<br \/>\n100\u20ac Entre el jueves 4 de septiembre a las 12.00 horas y el domingo 7 de septiembre a las 12.00 horas, pasado dicha fecha no se aceptar\u00e1n inscripciones.<\/p>\n<p style=\"font-size: 1.1em;\">Todos los participantes estar\u00e1n en la p\u00e1gina web de la FANJYDA el lunes 8 de septiembre.<\/p>\n<h3 style=\"font-family: 'Playfair Display', serif; font-size: 1.7em; color: #27ae60; margin-top: 20px;\">10. DOCUMENTACI\u00d3N<\/h3>\n<ul style=\"font-size: 1.1em; padding-left: 20px;\">\n<li>Carnet de grados.<\/li>\n<li>Los inscritos deben estar en posesi\u00f3n de Licencia Deportiva en Vigor 2025\/2026.<\/li>\n<li>Autorizaci\u00f3n paterna.<\/li>\n<\/ul>\n<h3 style=\"font-family: 'Playfair Display', serif; font-size: 1.7em; color: #27ae60; margin-top: 20px;\">11. NOTA IMPORTANTE<\/h3>\n<p style=\"font-size: 1.1em;\">Al comienzo del entrenamiento se pasar\u00e1 lista de los participantes, todo participante que no est\u00e9 inscrito no podr\u00e1 participar en el entrenamiento.<\/p>\n<p style=\"font-size: 1.1em;\">Todos los participantes, entrenadores o tutores aceptan las normas de esta concentraci\u00f3n con \u00e9l envi\u00f3 de su inscripci\u00f3n.<\/p>\n<h3 style=\"font-family: 'Playfair Display', serif; font-size: 1.7em; color: #27ae60; margin-top: 20px;\">ADJUNTO<\/h3>\n<p style=\"font-size: 1.1em;\"><a href=\"https:\/\/www.fanjyda.es\/wp-content\/uploads\/2025\/08\/AUTORIZACION-A-LA-CONCENTRACIO-EQUIPOS-ANDALUCES-INFANTILES-CADETES-JUNIOR-Y-SENIOR.doc\">AUTORIZACION A LA CONCENTRACI\u00d3 EQUIPOS ANDALUCES INFANTILES, CADETES, JUNIOR Y SENIOR<\/a><\/p>\n<\/div>\n","protected":false},"excerpt":{"rendered":"<p>1. ORGANIZA Federaci\u00f3n Andaluza de Judo C\/ Ra\u00fal Calvo 4, Bajo Derecha. 11009 C\u00e1diz (Espa\u00f1a) Tel.: +34 956 079 891; +34 652 807 271 || Fax: +34 956 079 892 [&hellip;]<\/p>\n","protected":false},"author":1,"featured_media":7703,"template":"","meta":{"_eb_attr":"","_tribe_events_status":"","_tribe_events_status_reason":"","footnotes":""},"tags":[],"tribe_events_cat":[12],"class_list":["post-7702","tribe_events","type-tribe_events","status-publish","has-post-thumbnail","hentry","tribe_events_cat-judo","cat_judo"],"_links":{"self":[{"href":"https:\/\/www.fanjyda.es\/index.php?rest_route=\/wp\/v2\/tribe_events\/7702","targetHints":{"allow":["GET"]}}],"collection":[{"href":"https:\/\/www.fanjyda.es\/index.php?rest_route=\/wp\/v2\/tribe_events"}],"about":[{"href":"https:\/\/www.fanjyda.es\/index.php?rest_route=\/wp\/v2\/types\/tribe_events"}],"author":[{"embeddable":true,"href":"https:\/\/www.fanjyda.es\/index.php?rest_route=\/wp\/v2\/users\/1"}],"version-history":[{"count":4,"href":"https:\/\/www.fanjyda.es\/index.php?rest_route=\/wp\/v2\/tribe_events\/7702\/revisions"}],"predecessor-version":[{"id":7718,"href":"https:\/\/www.fanjyda.es\/index.php?rest_route=\/wp\/v2\/tribe_events\/7702\/revisions\/7718"}],"wp:featuredmedia":[{"embeddable":true,"href":"https:\/\/www.fanjyda.es\/index.php?rest_route=\/wp\/v2\/media\/7703"}],"wp:attachment":[{"href":"https:\/\/www.fanjyda.es\/index.php?rest_route=%2Fwp%2Fv2%2Fmedia&parent=7702"}],"wp:term":[{"taxonomy":"post_tag","embeddable":true,"href":"https:\/\/www.fanjyda.es\/index.php?rest_route=%2Fwp%2Fv2%2Ftags&post=7702"},{"taxonomy":"tribe_events_cat","embeddable":true,"href":"https:\/\/www.fanjyda.es\/index.php?rest_route=%2Fwp%2Fv2%2Ftribe_events_cat&post=7702"}],"curies":[{"name":"wp","href":"https:\/\/api.w.org\/{rel}","templated":true}]}}

CONCENTRACIÓN EQUIPOS ANDALUCES INFANTILES, CADETES, JUNIOR Y SENIOR &#8211; EL BOSQUE

<div style="width: 90%; max-width: 1200px; margin: 0 auto; padding: 20px; background-color: #fff; box-shadow: 0 2px 10px rgba(0, 0, 0, 0.1); font-family: Arial, sans-serif;">
<h3 style="font-family: 'Playfair Display', serif; font-size: 1.7em; color: #27ae60; margin-top: 20px;">1. ORGANIZA</h3>
<p style="font-size: 1.1em;">Federación Andaluza de Judo<br />
C/ Raúl Calvo 4, Bajo Derecha. 11009 Cádiz (España)<br />
Tel.: +34 956 079 891; +34 652 807 271 || Fax: +34 956 079 892<br />
E-mail: <a style="color: #27ae60; text-decoration: none;" href="mailto:administracion@fanjyda.com">administracion@fanjyda.com</a></p>
<h3 style="font-family: 'Playfair Display', serif; font-size: 1.7em; color: #27ae60; margin-top: 20px;">2. COLABORADORES</h3>
<p style="font-size: 1.1em;">Excmo. Ayuntamiento de El Bosque.<br />
Consejería de Educación Cultura y Deporte de Junta de Andalucía.</p>
<h3 style="font-family: 'Playfair Display', serif; font-size: 1.7em; color: #27ae60; margin-top: 20px;">3. DIRECCIÓN TÉCNICA</h3>
<p style="font-size: 1.1em;">Delegado Provincial: Manuel Padilla Tardío.<br />
Comité de entrenadores.</p>
<h3 style="font-family: 'Playfair Display', serif; font-size: 1.7em; color: #27ae60; margin-top: 20px;">4. FECHAS</h3>
<p style="font-size: 1.1em;">12 al 14 de septiembre de 2025.</p>
<h3 style="font-family: 'Playfair Display', serif; font-size: 1.7em; color: #27ae60; margin-top: 20px;">5. LUGAR DE LA CONCENTRACIÓN</h3>
<p style="font-size: 1.1em;">Pabellón Municipal de el Bosque Manuel Padilla Tardío (Cádiz).<br />
Camping la Torrecilla, Ctra. Antigua El Bosque-Ubrique, km1, 11670 El Bosque, Cádiz.</p>
<h3 style="font-family: 'Playfair Display', serif; font-size: 1.7em; color: #27ae60; margin-top: 20px;">6. PRECIO</h3>
<p style="font-size: 1.1em;">Cena del viernes 12, pensión completa del sábado 13 y desayuno del domingo 14 de septiembre (80€) a las 100 primeras inscripciones.</p>
<p style="font-size: 1.1em;">Los seniors solo tienen el entrenamiento del sábado sin pernocta ni comida.</p>
<h3 style="font-family: 'Playfair Display', serif; font-size: 1.7em; color: #27ae60; margin-top: 20px;">7. JUDOGI</h3>
<p style="font-size: 1.1em;">Judogi blanco o azul.</p>
<h3 style="font-family: 'Playfair Display', serif; font-size: 1.7em; color: #27ae60; margin-top: 20px;">8. HORARIOS</h3>
<p style="font-size: 1.1em;"><strong>Viernes 12 de septiembre.</strong></p>
<ul style="font-size: 1.1em; padding-left: 20px;">
<li>Recepción de los infantiles, cadetes y junior de 17.00 a 17.30 horas en el camping la Torrecilla.</li>
<li>Entrenamientos infantiles, cadetes y junior de 18.00 a 20.00 horas.</li>
<li>Cena 21.30 horas.</li>
<li>Reunión técnica a las 22.00 horas.</li>
</ul>
<p style="font-size: 1.1em;"><strong>Sábado 13 de septiembre.</strong></p>
<ul style="font-size: 1.1em; padding-left: 20px;">
<li>Desayuno 08.30 horas.</li>
<li>Entrenamiento infantiles y cadetes de 10,00 a 12,00 horas y de 15.30 a 17.30 horas.</li>
<li>Entrenamiento junior y senior de 12,00 a 14,00 horas y de 17.00 a 19.00 horas.</li>
<li>Comida infantiles y cadetes de 13.30 horas, los juniors a las 14.30 horas.</li>
<li>Cena 21.30 horas.</li>
<li>Reunión técnica a las 22.00 horas.</li>
</ul>
<p style="font-size: 1.1em;"><strong>Domingo 14 de septiembre.</strong></p>
<ul style="font-size: 1.1em; padding-left: 20px;">
<li>Entrenamientos infantiles, cadetes y junior de 10,00 a 12,00 horas.</li>
<li>Dispersión en el pabellón a las 12.30 horas.</li>
</ul>
<h3 style="font-family: 'Playfair Display', serif; font-size: 1.7em; color: #27ae60; margin-top: 20px;">9. INSCRIPCIONES</h3>
<p style="font-size: 1.1em;">Las inscripciones se realizarán directamente en el <a href="https://forms.gle/PV78gut5KnRxgBKE7" target="_blank" rel="noopener">&gt;&gt; FORMULARIO DE INSCRIPCIÓN &lt;&lt;</a>  y  posteriormente se deberá remitir un email a <a style="color: #27ae60; text-decoration: none;" href="mailto:administracion@fanjyda.com">administracion@fanjyda.com </a> adjuntando el resguardo del ingreso.</p>
<p style="font-size: 1.1em;"><strong>CAIXABANK: ES90 2100 8726 8413 0016 9267</strong></p>
<p style="font-size: 1.1em;">80€ Antes del jueves 4 de septiembre a las 12.00 horas.<br />
100€ Entre el jueves 4 de septiembre a las 12.00 horas y el domingo 7 de septiembre a las 12.00 horas, pasado dicha fecha no se aceptarán inscripciones.</p>
<p style="font-size: 1.1em;">Todos los participantes estarán en la página web de la FANJYDA el lunes 8 de septiembre.</p>
<h3 style="font-family: 'Playfair Display', serif; font-size: 1.7em; color: #27ae60; margin-top: 20px;">10. DOCUMENTACIÓN</h3>
<ul style="font-size: 1.1em; padding-left: 20px;">
<li>Carnet de grados.</li>
<li>Los inscritos deben estar en posesión de Licencia Deportiva en Vigor 2025/2026.</li>
<li>Autorización paterna.</li>
</ul>
<h3 style="font-family: 'Playfair Display', serif; font-size: 1.7em; color: #27ae60; margin-top: 20px;">11. NOTA IMPORTANTE</h3>
<p style="font-size: 1.1em;">Al comienzo del entrenamiento se pasará lista de los participantes, todo participante que no esté inscrito no podrá participar en el entrenamiento.</p>
<p style="font-size: 1.1em;">Todos los participantes, entrenadores o tutores aceptan las normas de esta concentración con él envió de su inscripción.</p>
<h3 style="font-family: 'Playfair Display', serif; font-size: 1.7em; color: #27ae60; margin-top: 20px;">ADJUNTO</h3>
<p style="font-size: 1.1em;"><a href="https://www.fanjyda.es/wp-content/uploads/2025/08/AUTORIZACION-A-LA-CONCENTRACIO-EQUIPOS-ANDALUCES-INFANTILES-CADETES-JUNIOR-Y-SENIOR.doc">AUTORIZACION A LA CONCENTRACIÓ EQUIPOS ANDALUCES INFANTILES, CADETES, JUNIOR Y SENIOR</a></p>
</div>

<p>1. ORGANIZA Federación Andaluza de Judo C/ Raúl Calvo 4, Bajo Derecha. 11009 Cádiz (España) Tel.: +34 956 079 891; +34 652 807 271 || Fax: +34 956 079 892 [&hellip;]</p>
